h + 66. Let y be ((-192)/m)/(-8)*5. What is the highest common divisor of y and 30?
6
Let g = -2029 + 2036. Calculate the highest common divisor of g and 3.
1
Suppose -1657 = -174*q - 265. Suppose 3*x - 7*x = -256. Calculate the highest common divisor of q and x.
8
Suppose -4*j - 1316 = 3*j. Let w be 0 + 2 - j - -2. Suppose -2*d = 6*d - w. What is the highest common factor of 12 and d?
12
Let y = -313 - -313. Suppose 3*g + 2*u - 79 - 131 = 0, 3*g + u - 213 = y. What is the highest common divisor of g and 24?
24
Suppose 4*j = -2*o + 5046 + 4148, 0 = -5*o - j + 23003. What is the highest common factor of 172 and o?
43
Let x = 650 + -336. Let u = x + -246. Calculate the greatest common factor of u and 374.
34
Let x be 4 - ((1 - -2) + -3). Let w be (24 - 14)*(-52)/(-5). Let k = w + -101. Calculate the highest common divisor of x and k.
1
Let o be (-534)/8*4/(-1). Let t be (-3)/((-27)/3)*(-291 + 0). Let n = o + t. Calculate the greatest common factor of n and 10.
10
Let q = 299 + -79. Suppose 0 = 5*u + 5*h - 305, -5*h + 68 = 38. What is the highest common divisor of u and q?
55
Let r be ((-999)/36)/(12/(-48)). What is the highest common factor of 592 and r?
37
Let b(z) = 2*z + 14. Let w be b(-7). Let r be -4 + (54 - w - -4). Let o(a) = 11*a**2 - a. Let y be o(-1). What is the highest common factor of r and y?
6
Suppose 2*v - 4*g - 224 = 0, g + 110 = -1476*v + 1477*v. Calculate the greatest common divisor of v and 3204.
36
Suppose 0 = -4*v - 5*b - 5, 2*b + 2 = 3*v - 0*b. Suppose -6*k + 47 + 529 = v. What is the greatest common factor of k and 48?
48
Let f = 204 + -174. Let n(y) = 3*y - 44. Let v be n(18). What is the greatest common factor of f and v?
10
Suppose 0 = 2*t + 2*c - 3632, 3704 = 2*t + 5*c + 78. Suppose -9*q + 11*q = p + 1819, -2*p = -2*q + t. What is the greatest common factor of 35 and q?
35
Let k be (-135)/(-4) + (-2)/(-8). Let n = -13 + k. Calculate the greatest common divisor of n and 231.
21
Let t be 5/(-15)*(30 + -360). Let v = -365 - -541. What is the greatest common factor of v and t?
22
Let l = 307 + -297. Suppose 3*v - 12 = 0, -l*v - 282 = -2*a - 9*v. Calculate the highest common divisor of 13 and a.
13
Suppose -55*n + 10282 = -2918. Calculate the highest common factor of n and 760.
40
Let o be (-1)/5 + (114 + 3)*152/120. What is the greatest common factor of o and 481?
37
Let q be -2 - (52/(-5))/((-8)/(-40)*2). Let g be ((-6)/(-15))/(2/520). What is the highest common factor of q and g?
8
Suppose 0 = 3*b + b - 288. Let t be 14/56 + (-17)/4. Let k(m) = -m**2 - 8*m + 2. Let g be k(t). What is the highest common factor of b and g?
18
Let c be (-2432)/95*(20/(-8) - 0). Calculate the highest common divisor of 2048 and c.
64
Let u be 176/12 - 4/6. Suppose -34*x + 27*x + 98 = 0. What is the greatest common divisor of x and u?
14
Let n = 121 - 61. Let v be (-4)/(64/(-172)) - n/(-48). What is the greatest common divisor of 18 and v?
6
Let d = -129 - -192. Let y be (-2)/(-3) - 660/(-9). Suppose -5*c = -o + 52, 0*o - 2*o - 5*c = -y. What is the greatest common factor of d and o?
21
Let p(m) = -m**3 + 10*m**2 + 5*m + 9. Let c be p(10). Suppose 0 = -c*w + 3941 + 6384. What is the greatest common factor of w and 21?
7
Let i(c) = -646*c - 4396. Let l be i(-7). Suppose -5*k + 3 = -2*n - 6, k = n. What is the greatest common divisor of k and l?
3
Suppose 23850 = 44*f + 9198. What is the greatest common divisor of f and 1517?
37
Suppose 5*f + 749 = 3*r, 149*r - 148*r = -2*f + 257. What is the greatest common factor of 299 and r?
23
Suppose -4*z = -5*w + 30, -3*z = -5*w + w + 23. Suppose w*n = 5*n - 78. What is the highest common divisor of 52 and n?
26
Let l = 161 + -55. Let r = 92 + l. Calculate the greatest common factor of r and 110.
22
Let g be -4 - 12 - (-10 + 8). Let m(i) = 2*i**2 + 2*i - 13. Let x be m(g). Calculate the greatest common factor of x and 78.
39
Let y = 12000 - 11989. Let c = 10 + -6. Let k be ((-234)/(-8) + 1)*c. What is the highest common divisor of k and y?
11
Let f be (35630/(-175))/((-3)/105). What is the greatest common divisor of f and 7?
7
Suppose 4*a + 1127 = 59*a - 6*a. Let r be (-6)/(-21) - 992/(-7). Let n = r + -73. What is the greatest common factor of a and n?
23
Let x = 161 - 159. Suppose -3*s = 2*n - 2*s - 11, 3*s = -x*n + 21. Calculate the greatest common factor of n and 63.
3
Suppose 22*a - 81*a = -2301. Calculate the highest common factor of a and 702.
39
Suppose -4*m + p = -472, -147 - 313 = -4*m + 4*p. What is the highest common divisor of m and 16?
1
Suppose -194 = -18*c - 50. Suppose -5*r = c*r - 260. Calculate the greatest common divisor of 300 and r.
20
Suppose 256*u - 54*u - 260 = 1356. What is the highest common divisor of u and 2240?
8
Suppose 13*x = 742 - 14. Suppose -x*r = -37*r - 18601. What is the highest common factor of 89 and r?
89
Suppose 2*z + 21 - 3 = 0. Let v be (-3)/(-6) + (0 - z/6). Suppose -v*u - s = s - 18, u - 2*s = 0. What is the greatest common factor of 3 and u?
3
Let a be (-2 - -1) + 1 + -2 + 2. Suppose 2*q = -2*k + 6*q + 130, 4*k + 3*q - 227 = a. Suppose -k = 4*v - 191. What is the greatest common divisor of 22 and v?
11
Let m be 315/3 + -154 + 158. Calculate the highest common factor of m and 34226.
109
Let b = -416 - -425. Suppose 0*t - 3*d = 3*t + 9, 4*t - 4*d = 12. Suppose b*l + t*l = 153. Calculate the greatest common divisor of 17 and l.
17
Let t(u) = u**2 - 14*u + 18. Let f be t(18). Let s(r) = -r**2 + 48*r + 36. Let n be s(0). What is the greatest common factor of f and n?
18
Let j(u) = -u**3 - 10*u**2 + 14*u + 32. Let n be j(-11). Let q be n + 5 - 1332/(-18). Suppose 2*b + 24 - q = 0. What is the greatest common factor of b and 54?
27
Suppose 122 = -2*h - 128. Let b be ((-3)/5*2)/(10/h). Let v = -58 + 103. What is the highest common factor of v and b?
15
Suppose -5*g + 16439 = -5161. Suppose -12*j = -28*j + g. What is the greatest common divisor of j and 10?
10
Let l(n) be the second derivative of n**4/6 - 3*n**3 + 24*n**2 - n - 160. Let u be l(3). Calculate the greatest common divisor of u and 36.
12
Suppose f = -3*j + 1724, -4*f + f + 2*j = -5227. What is the greatest common factor of 111 and f?
37
Suppose -10*h + 13*h = -24, -4*h = -2*b + 7718. What is the greatest common factor of b and 630?
63
Let k(h) = -32*h + 14. Let i be k(0). Suppose i*o - 355 - 877 = 0. Calculate the greatest common divisor of o and 44.
44
Suppose 4*o + 3*b - 18444 = 0, 2*b + 0*b + 18424 = 4*o. Calculate the greatest common factor of 216 and o.
72
Suppose 44*a - 6020 = 16*a. Suppose 10*z - a + 115 = 0. Let r be -1*2 - 0 - -12. What is the highest common divisor of z and r?
10
Let r = 71 - 61. Suppose -672 = -11*o - r*o. What is the highest common divisor of 64 and o?
32
Suppose -9*j - 26*j = -29750. Suppose 22*d = 17*d + j. What is the highest common factor of d and 102?
34
Let c(r) = r**3 - 7*r**2 + 197*r - 2606. Let a be c(13). Calculate the greatest common divisor of a and 493.
17
Let a = -4031 + 4367. What is the highest common factor of a and 441?
21
Suppose -2*a - 20*a + 6258 = -8*a. Calculate the highest common divisor of 9 and a.
3
Suppose -601 - 164 = -17*r. Suppose 0 = -q - 3*u - 4 - 2, -3*q - 2*u = -17. Calculate the highest common factor of r and q.
9
Suppose -28*a + 78*a = 247350. What is the highest common divisor of 102 and a?
51
Let s = 6793 + -6603. What is the highest common divisor of 1368 and s?
38
Let s(t) = -12*t + 273. Let g be s(25). Let x = g + 68. What is the greatest common factor of 328 and x?
41
Let s = 2111 - -3182. What is the highest common divisor of 67 and s?
67
Suppose -90*b + 100*b - 5190 = 0. Let d = b - 266. Calculate the highest common divisor of 23 and d.
23
Suppose 7*f = -11 + 32. Suppose 4*v = 3*v + f*v. Suppose -3*s - 5*b - 30 + 104 = v, 0 = -2*b + 8. Calculate the highest common factor of s and 18.
18
Let o be 1/(-3)*(-85 - -4). Suppose -7*g - 11275 = -12787. What is the greatest common factor of g and o?
27
Let i = -13041 - -13265. What is the greatest common divisor of i and 15904?
224
Suppose -5*n - s + 91 = 0, 18 = n + s - 1. Suppose 12*b + 22*b = 238. Suppose -b*g + 21 = 7. Calculate the highest common factor of n and g.
2
Let r(q) = 4*q**3 + 2*q**2 + q - 8. Let h be r(2). Calculate the highest common factor of h and 35292.
34
Let d(x) =